 3259?
5
What is the thousands digit of 7662?
7
What is the units digit of 33529?
9
What is the tens digit of 370?
7
What is the hundreds digit of 5895?
8
What is the units digit of 2754?
4
What is the units digit of 1104?
4
What is the ten thousands digit of 28296?
2
What is the tens digit of 1123?
2
What is the units digit of 3867?
7
What is the tens digit of 4338?
3
What is the ten thousands digit of 98798?
9
What is the units digit of 1407?
7
What is the units digit of 742?
2
What is the hundreds digit of 11058?
0
What is the hundreds digit of 4808?
8
What is the thousands digit of 37903?
7
What is the thousands digit of 5613?
5
What is the hundreds digit of 2462?
4
What is the hundreds digit of 3925?
9
What is the units digit of 3722?
2
What is the units digit of 1303?
3
What is the units digit of 55?
5
What is the units digit of 1581?
1
What is the tens digit of 2472?
7
What is the thousands digit of 10886?
0
What is the thousands digit of 15878?
5
What is the thousands digit of 27793?
7
What is the hundreds digit of 4353?
3
What is the hundreds digit of 13293?
2
What is the tens digit of 3499?
9
What is the hundreds digit of 61250?
2
What is the ten thousands digit of 18049?
1
What is the thousands digit of 1092?
1
What is the thousands digit of 1313?
1
What is the tens digit of 1169?
6
What is the tens digit of 32832?
3
What is the tens digit of 38661?
6
What is the ten thousands digit of 11323?
1
What is the thousands digit of 19218?
9
What is the hundreds digit of 1360?
3
What is the hundreds digit of 45023?
0
What is the thousands digit of 4523?
4
What is the tens digit of 8389?
8
What is the tens digit of 143960?
6
What is the hundreds digit of 134632?
6
What is the tens digit of 29177?
7
What is the units digit of 2031?
1
What is the ten thousands digit of 35412?
3
What is the tens digit of 5163?
6
What is the tens digit of 65?
6
What is the tens digit of 21582?
8
What is the ten thousands digit of 41979?
4
What is the units digit of 2117?
7
What is the hundreds digit of 9067?
0
What is the thousands digit of 2467?
2
What is the tens digit of 18124?
2
What is the units digit of 24418?
8
What is the hundreds digit of 1112?
1
What is the tens digit of 42961?
6
What is the thousands digit of 21446?
1
What is the thousands digit of 8625?
8
What is the thousands digit of 1574?
1
What is the thousands digit of 3909?
3
What is the units digit of 5017?
7
What is the thousands digit of 11338?
1
What is the units digit of 968?
8
What is the units digit of 3245?
5
What is the tens digit of 1061?
6
What is the tens digit of 9869?
6
What is the thousands digit of 38946?
8
What is the tens digit of 3760?
6
What is the units digit of 1672?
2
What is the units digit of 3929?
9
What is the thousands digit of 4144?
4
What is the units digit of 1728?
8
What is the hundreds digit of 22181?
1
What is the units digit of 7012?
2
What is the hundreds digit of 30528?
5
What is the units digit of 986?
6
What is the tens digit of 644?
4
What is the units digit of 258?
8
What is the ten thousands digit of 60387?
6
What is the ten thousands digit of 38097?
3
What is the tens digit of 2692?
9
What is the tens digit of 58035?
3
What is the thousands digit of 61916?
1
What is the thousands digit of 1462?
1
What is the tens digit of 122?
2
What is the ten thousands digit of 68886?
6
What is the ten thousands digit of 41783?
4
What is the units digit of 781?
1
What is the thousands digit of 2734?
2
What is the tens digit of 152?
5
What is the units digit of 847?
7
What is the units digit of 3?
3
What is the thousands digit of 7546?
7
What is the tens digit of 15609?
0
What is the units digit of 627?
7
What is the units digit of 21509?
9
What is the tens digit of 2147?
4
What is the tens digit of 90?
9
What is the hundreds digit of 4427?
4
What is the units digit of 4854?
4
What is the tens digit of 938?
3
What is the tens digit of 26388?
8
What is the tens digit of 493?
9
What is the thousands digit of 4374?
4
What is the tens digit of 60309?
0
What is the hundreds digit of 81848?
8
What is the thousands digit of 40436?
0
What is the thousands digit of 5283?
5
What is the tens digit of 5800?
0
What is the ten thousands digit of 28637?
2
What is the units digit of 610?
0
What is the units digit of 178?
8
What is the hundreds digit of 1615?
6
What is the thousands digit of 7128?
7
What is the units digit of 13643?
3
What is the thousands digit of 145946?
5
What is the tens digit of 1027?
2
What is the units digit of 644?
4
What is the units digit of 3765?
5
What is the units digit of 8535?
5
What is the tens digit of 39611?
1
What is the hundreds digit of 229?
2
What is the tens digit of 84581?
8
What is the units digit of 934?
4
What is the thousands digit of 43383?
3
What is the units digit of 3984?
4
What is the hundreds digit of 52725?
7
What is the thousands digit of 8198?
8
What is the hundreds digit of 7935?
9
What is the thousands digit of 1778?
1
What is the units digit of 5125?
5
What is the ten thousands digit of 70335?
7
What is the thousands digit of 23044?
3
What is the thousands digit of 1308?
1
What is the hundreds digit of 1957?
9
What is the hundreds digit of 863?
8
What is the tens digit of 48939?
3
What is the thousands digit of 7645?
7
What is the units digit of 941?
1
What is the thousands digit of 47031?
7
What is the ten thousands digit of 10212?
1
What is the tens digit of 505?
0
What is the thousands digit of 3927?
3
What is the tens digit of 5030?
3
What is the tens digit of 114?
1
What is the units digit of 8781?
1
What is the ten thousands digit of 126619?
2
What is the hundreds digit of 633?
6
What is the units digit of 2502?
2
What is the thousands digit of 4220?
4
What is the units digit of 21638?
8
What is the ten thousands digit of 86323?
8
What is the thousands digit of 6473?
6
What is the units digit of 21979?
9
What is the units digit of 437?
7
What is the hundreds digit of 2390?
3
What is the thousands digit of 1307?
1
What is the units digit of 2575?
5
What is the units digit of 188503?
3
What is the hundreds digit of 2342?
3
What is the units digit of 1746?
6
What is the thousands digit of 1514?
1
What is the hundreds digit of 76074?
0
What is the thousands digit of 2871?
2
What is the units digit of 1752?
2
What is the thousands digit of 18672?
8
What is the units digit of 63?
3
What is the hundreds digit of 8130?
1
What is the tens digit of 63073?
7
What is the units digit of 4820?
0
What is the units digit of 3281?
1
What is the thousands digit of 3715?
3
What is the units digit of 1087?
7
What is the tens digit of 534?
3
What is the hundreds digit of 1190?
1
What is the tens digit of 2789?
8
What is the thousands digit of 2302?
2
What is the units digit of 551?
1
What is the ten thousands digit of 41323?
4
What is the tens digit of 96834?
3
What is the tens digit of 1198?
9
What is the units digit of 4372?
2
What is the tens digit of 8663?
6
What is the tens digit of 283?
8
What is the tens digit of 31562?
6
What is the tens digit of 4067?
6
What is the tens digit of 2347?
4
What is the tens digit of 4337?
3
What is the thousands digit of 100894?
0
What is the thousands digit of 6787?
6
What is the hundreds digit of 1476?
4
What is the hundreds digit of 30332?
3
What is the tens digit of 1861?
6
What is the units digit of 1325?
5
What is the tens digit of 10479?
7
What is the units digit of 2897?
7
What is the units digit of 483?
3
What is the tens digit of 37536?
3
What is the tens digit of 975?
7
What is the tens digit of 441?
4
What is the hundreds digit of 2714?
7
What is the tens digit of 6099?
9
What is the tens digit of 85894?
9
What is the thousands digit of 6393?
6
What is the tens digit of 3724?
2
What is the tens digit of 3334?
3
What is the thousands digit of 1838?
1
What is the hundreds digit of 5417?
4
What is the hundreds digit of 1728?
7
What is the hundreds digit of 42621?
6
What is the units digit of 31602?
2
What is the units digit of 54949?
9
What is the ten thousands digit of 87136?
8
What is the thousands digit of 38692?
8
What is the units digit of 17155?
5
What is the tens digit of 19050?
5
What is the units digit of 1318?
8
What is the tens digit of 876?
7
What is the hundreds digit of 1210?
2